e prime factors of 188015851?
4967, 37853
What are the prime factors of 139311987?
3, 46437329
What are the prime factors of 6879401774?
2, 7, 491385841
What are the prime factors of 3485117989?
22993, 151573
What are the prime factors of 337295700?
2, 3, 5, 7, 37, 1447
List the prime factors of 96391870.
2, 5, 17, 567011
What are the prime factors of 94323591?
3, 10480399
List the prime factors of 802471141.
83, 179, 54013
List the prime factors of 6068697.
3, 41, 49339
What are the prime factors of 1100440156?
2, 275110039
What are the prime factors of 1356246?
2, 3, 75347
List the prime factors of 378744212.
2, 7, 11, 1229689
What are the prime factors of 1684323389?
7, 240617627
List the prime factors of 1153320935.
5, 13, 173, 102563
List the prime factors of 58601844.
2, 3, 7, 139, 239
What are the prime factors of 3672590223?
3, 17, 6577, 10949
List the prime factors of 2430927811.
13, 19, 9841813
List the prime factors of 2937400228.
2, 7, 19, 41, 134669
What are the prime factors of 264678650?
2, 5, 29, 182537
List the prime factors of 60473998.
2, 13, 17, 19, 379
What are the prime factors of 455102531?
13, 2557, 13691
List the prime factors of 272565988.
2, 68141497
What are the prime factors of 30409024?
2, 475141
What are the prime factors of 15995863?
13, 41, 30011
List the prime factors of 351831857.
13, 29, 933241
List the prime factors of 33148076.
2, 13, 637463
List the prime factors of 98120112.
2, 3, 2044169
List the prime factors of 40545425.
5, 17, 95401
What are the prime factors of 113216058?
2, 3, 29, 107, 2027
List the prime factors of 2003856.
2, 3, 109, 383
List the prime factors of 51063265.
5, 11, 928423
What are the prime factors of 401717928?
2, 3, 16738247
List the prime factors of 570134705.
5, 7, 79, 206197
List the prime factors of 6502549314.
2, 3, 73, 509, 29167
What are the prime factors of 176199437?
176199437
List the prime factors of 44738974.
2, 7, 3195641
List the prime factors of 341400339.
3, 7, 23, 47, 557
List the prime factors of 48177619.
7, 6882517
List the prime factors of 557720525.
5, 22308821
List the prime factors of 469327365.
3, 5, 13, 6857
List the prime factors of 183124974.
2, 3, 199, 153371
List the prime factors of 243627388.
2, 31, 37, 53101
List the prime factors of 64130843.
7, 673, 13613
List the prime factors of 4837315291.
4837315291
What are the prime factors of 13535240?
2, 5, 523, 647
List the prime factors of 13556132.
2, 487, 6959
List the prime factors of 3240698912.
2, 11, 9206531
List the prime factors of 269653465.
5, 79, 109, 6263
What are the prime factors of 202901788?
2, 647, 78401
List the prime factors of 437908266.
2, 3, 59, 412343
List the prime factors of 60779749.
4547, 13367
What are the prime factors of 26314762?
2, 113, 116437
List the prime factors of 4280331343.
19, 401, 561797
List the prime factors of 24590900.
2, 5, 245909
What are the prime factors of 261540528?
2, 3, 107, 50923
List the prime factors of 10655503.
10655503
What are the prime factors of 147913534?
2, 457, 161831
What are the prime factors of 6810733534?
2, 11, 28143527
List the prime factors of 16530789.
3, 11, 500933
List the prime factors of 2860898.
2, 41, 139, 251
List the prime factors of 758499864.
2, 3, 61, 518101
List the prime factors of 213265329.
3, 19, 3741497
List the prime factors of 348309245.
5, 43, 47, 34469
What are the prime factors of 22361370?
2, 3, 5, 745379
What are the prime factors of 38021974?
2, 593, 32059
List the prime factors of 1818453015.
3, 5, 43, 939769
What are the prime factors of 6575083539?
3, 31, 70699823
List the prime factors of 886156153.
886156153
What are the prime factors of 3198023258?
2, 1599011629
What are the prime factors of 461440158?
2, 3, 41, 1875773
List the prime factors of 45644581.
23, 1984547
List the prime factors of 664459715.
5, 132891943
List the prime factors of 103731912.
2, 3, 59, 24419
List the prime factors of 15785950.
2, 5, 239, 1321
What are the prime factors of 2831260594?
2, 3109, 455333
List the prime factors of 560563616.
2, 37, 53, 8933
What are the prime factors of 2852387543?
2852387543
What are the prime factors of 747962699?
11, 31, 2193439
What are the prime factors of 438523839?
3, 13, 103, 36389
What are the prime factors of 695970811?
293, 2375327
What are the prime factors of 38288915?
5, 7, 1093969
List the prime factors of 2758610951.
701, 727, 5413
What are the prime factors of 2057440800?
2, 3, 5, 857267
What are the prime factors of 6410550816?
2, 3, 83, 89393
List the prime factors of 121701211.
23, 230059
List the prime factors of 153607111.
7, 73, 42943
List the prime factors of 55125938.
2, 7, 3937567
List the prime factors of 2968055.
5, 277, 2143
What are the prime factors of 277665716?
2, 431, 161059
What are the prime factors of 93592444?
2, 11, 631, 3371
What are the prime factors of 113132777?
113132777
List the prime factors of 224680569.
3, 74893523
List the prime factors of 481636205.
5, 29, 3321629
What are the prime factors of 71070732?
2, 3, 691, 2857
What are the prime factors of 28972039?
28972039
What are the prime factors of 545481535?
5, 109096307
What are the prime factors of 463585521?
3, 7, 3153643
What are the prime factors of 105801956?
2, 13, 19, 173, 619
List the prime factors of 168559619.
683, 246793
What are the prime factors of 6055793385?
3, 5, 403719559
What are the prime factors of 2864972589?
3, 19, 50262677
List the prime factors of 692888587.
692888587
What are the prime factors of 530861826?
2, 3, 11, 8043361
List the prime factors of 1905257335.
5, 18233, 20899
What are the prime factors of 198137095?
5, 13, 163, 18701
List the prime factors of 24779639.
71, 421, 829
List the prime factors of 26293692.
2, 3, 23, 95267
List the prime factors of 4018697877.
3, 503, 2663153
List the prime factors of 80425300.
2, 5, 17, 47309
List the prime factors of 50052601.
37, 1352773
What are the prime factors of 1460609913?
3, 7, 251, 487, 569
List the prime factors of 47452614.
2, 3, 11, 19, 79, 479
List the prime factors of 114845113.
1901, 60413
List the prime factors of 46327743.
3, 7, 11, 66851
List the prime factors of 1664605009.
20849, 79841
What are the prime factors of 265387351?
265387351
List the prime factors of 1516963151.
11, 1597, 86353
What are the prime factors of 659770904?
2, 13, 1097, 5783
What are the prime factors of 75562490?
2, 5, 167, 45247
What are the prime factors of 1952744702?
2, 976372351
List the prime factors of 5367697096.
2, 17, 313, 126097
List the prime factors of 82596838.
2, 19, 2173601
What are the prime factors of 14494449?
3, 163, 29641
What are the prime factors of 227038090?
2, 5, 22703809
List the prime factors of 119463353.
359, 332767
What are the prime factors of 4478455?
5, 895691
List the prime factors of 7130461247.
7, 13, 173, 673
List the prime factors of 45700718.
2, 7, 173, 18869
List the prime factors of 3709778880.
2, 3, 5, 19, 203387
List the prime factors of 292534196.
2, 787, 92927
What are the prime factors of 489650690?
2, 5, 79, 619811
List the prime factors of 123145398.
2, 3, 37, 184903
List the prime factors of 3910359532.
2, 2137, 457459
What are the prime factors of 13408516?
2, 11, 304739
List the prime factors of 60143625.
3, 5, 193, 277
What are the prime factors of 1656168563?
7, 47, 109, 46183
List the prime factors of 759537733.
523, 1452271
List the prime factors of 46498136.
2, 29, 43, 59, 79
What are the prime factors of 5086529938?
2, 7, 19, 19122293
List the prime factors of 28558700.
2, 5, 277, 1031
What are the prime factors of 173350921?
17, 149, 68437
What are the prime factors of 91101326?
2, 37, 1231099
What are the prime factors of 1843798925?
5, 73751957
List the prime factors of 1296159.
3, 432053
What are the prime factors of 717019280?
2, 5, 8962741
What are the prime factors of 260752809?
3, 86917603
List the prime factors of 76737152.
2, 31, 83, 233
What are the prime factors of 97536270?
2, 3, 5, 13, 449, 557
List the prime factors of 641261746.
2, 29, 11056237
What are the prime factors of 149873376?
2, 3, 467, 3343
What are the prime factors of 911729691?
3, 37, 53, 51659
What are the prime factors of 101833517?
461, 220897
List the prime factors of 52565904.
2, 3, 17, 1